{"id":73,"date":"2011-06-17T22:25:51","date_gmt":"2011-06-17T22:25:51","guid":{"rendered":"http:\/\/www.jks.hu\/?page_id=73"},"modified":"2018-11-04T15:56:59","modified_gmt":"2018-11-04T15:56:59","slug":"kapcsolat","status":"publish","type":"page","link":"https:\/\/www.jks.hu\/?page_id=73","title":{"rendered":"Kapcsolat"},"content":{"rendered":"<p><strong><span style=\"color: #993300;\">JKS Magyarorsz\u00e1g Sz\u00f6vets\u00e9g<\/span><\/strong><\/p>\n<p><span style=\"color: #000000;\"><strong>K\u00f6zponti Iroda<\/strong><\/span><\/p>\n<p>Tel.: +36\/20\/2032913<\/p>\n<p>office@jks.hu<\/p>\n<p>www.jks.hu<\/p>\n<p>&nbsp;<\/p>\n","protected":false},"excerpt":{"rendered":"<p>JKS Magyarorsz\u00e1g Sz\u00f6vets\u00e9g K\u00f6zponti Iroda Tel.: +36\/20\/2032913 office@jks.hu www.jks.hu &nbsp;<\/p>\n","protected":false},"author":1,"featured_media":0,"parent":0,"menu_order":0,"comment_status":"closed","ping_status":"closed","template":"","meta":{"footnotes":""},"class_list":["post-73","page","type-page","status-publish","hentry"],"_links":{"self":[{"href":"https:\/\/www.jks.hu\/index.php?rest_route=\/wp\/v2\/pages\/73","targetHints":{"allow":["GET"]}}],"collection":[{"href":"https:\/\/www.jks.hu\/index.php?rest_route=\/wp\/v2\/pages"}],"about":[{"href":"https:\/\/www.jks.hu\/index.php?rest_route=\/wp\/v2\/types\/page"}],"author":[{"embeddable":true,"href":"https:\/\/www.jks.hu\/index.php?rest_route=\/wp\/v2\/users\/1"}],"replies":[{"embeddable":true,"href":"https:\/\/www.jks.hu\/index.php?rest_route=%2Fwp%2Fv2%2Fcomments&post=73"}],"version-history":[{"count":5,"href":"https:\/\/www.jks.hu\/index.php?rest_route=\/wp\/v2\/pages\/73\/revisions"}],"predecessor-version":[{"id":1053,"href":"https:\/\/www.jks.hu\/index.php?rest_route=\/wp\/v2\/pages\/73\/revisions\/1053"}],"wp:attachment":[{"href":"https:\/\/www.jks.hu\/index.php?rest_route=%2Fwp%2Fv2%2Fmedia&parent=73"}],"curies":[{"name":"wp","href":"https:\/\/api.w.org\/{rel}","templated":true}]}}