{"id":60,"date":"2011-06-17T22:03:28","date_gmt":"2011-06-17T22:03:28","guid":{"rendered":"http:\/\/www.jks.hu\/?page_id=60"},"modified":"2023-02-01T07:46:35","modified_gmt":"2023-02-01T07:46:35","slug":"edzeseink","status":"publish","type":"page","link":"https:\/\/www.jks.hu\/?page_id=60","title":{"rendered":"Edz\u00e9sek"},"content":{"rendered":"<p>A JKS Magyarorsz\u00e1g Sz\u00f6vets\u00e9ghez tartoz\u00f3 Egyes\u00fcletek \u00e9s edz\u00e9slehet\u0151s\u00e9geik, el\u00e9rhet\u0151s\u00e9g\u00fck&#8230;<\/p>\n<ol>\n<li><strong>Tradicion\u00e1lis Karate Shotokan Egyes\u00fclet<br \/>\n<\/strong>Edz\u0151: Herczeg Bal\u00e1zs<br \/>\n+36\/20\/2032913<br \/>\nherczeg@jks.hu<br \/>\n<span style=\"color: #000000;\"><a href=\"http:\/\/www.shotokarate.hu\/\"><span style=\"color: #000000;\">www.shotokarate.hu<\/span><\/a><\/span><\/li>\n<\/ol>\n<p>JKS Hombu &#8222;Dojo&#8221; &#8211; feln\u0151tt edz\u00e9s \u00a0&#8211; <strong>halad\u00f3, \u00fajrakezd\u0151<\/strong><br \/>\nBudapest, B\u00edbor Dojo, XIV, B\u00edbor u. 1.<br \/>\nKedd 18.00-19.30<\/p>\n<p>V\u00e1ci Doj\u00f3 &#8211; A V\u00e1ci utcai \u00c9nek-Zene \u00e1ltal\u00e1nos iskola tanul\u00f3inak &#8211; <strong>vegyes<\/strong><br \/>\nBudapest, V. V\u00e1ci utca 43.<br \/>\nH\u00e9tf\u0151 16.00-17.00<br \/>\nCs\u00fct\u00f6rt\u00f6k 16.00-17.00<\/p>\n<p><strong>2. Tora Dojo Radstad (Ausztria)<\/strong><\/p>\n<p>Edz\u0151 : Nagy Istv\u00e1n<br \/>\nHelysz\u00edn: FITHIT, \u00a0Radstad, A-5550, Salzburgerstr. 22.<\/p>\n<p>Kedd: 17.30-18.30<br \/>\nSzerda: 19.30-20.30<br \/>\nCs\u00fct\u00f6rt\u00f6k: 17.00-18.00<\/p>\n<p><strong>3. Zalaegerszegi Shotokan Karate Egyes\u00fclet<\/strong><br \/>\nEdz\u0151 : Moln\u00e1r Tam\u00e1s<\/p>\n<p><strong>4. Azato Karate Egyes\u00fclet &#8211; Zalaegerszeg<\/strong><br \/>\nEdz\u0151: Kardos Zora<\/p>\n<p><strong>5. Budoka Sportegyes\u00fclet &#8211; K\u0151szeg<\/strong><br \/>\nEdz\u0151: P\u00e1l Tibor<\/p>\n<p><strong>6. Zalaegerszegi Karate-Do Egyes\u00fclet<\/strong><br \/>\nEdz\u0151 : Czir\u00e1ky Zolt\u00e1n<\/p>\n<p><strong>7. Budapest, UTE<\/strong><\/p>\n<p>Edz\u0151k: Hecker Bal\u00e1zs , Cheritah Laura , Dr. Tahon R\u00f3bert , Krajcsi L\u00e1szl\u00f3 , Vass Zolt\u00e1n, Vitk\u00f3 L\u00e1szl\u00f3<\/p>\n<p>IV. KER\u00dcLET:<br \/>\nHalassy Oliv\u00e9r \u00c1lt.Isk: H: 16.00-17.00 Sz: 16.00-17.00<span class=\"text_exposed_show\"><br \/>\nBajza J\u00f3zsef \u00c1lt. Isk: K: 16.00-17.00. Cs: 17.00-18.00.<br \/>\nF\u00f3ti \u00fati \u00c1lt. Isk: K: 17.00-18.00. Cs: 16.00-17.00.<br \/>\nSz\u0171cs S\u00e1ndor \u00c1lt. Isk: H.Sz: 16.00-17.00.<br \/>\nBene Ferenc \u00c1lt. Isk: H. Sz: 17.30-18.30.<br \/>\nBabits Mih\u00e1ly Gimn: K.Cs: 18.00-19.30.<br \/>\nP\u00e9csi Sebesty\u00e9n \u00c1lt. Isk: H. Sz: 16.00-17.00.<br \/>\nKarinthy Frigyes \u00c1lt. Isk: K. Cs. 16.00-17.00.<br \/>\nH\u00e9tsz\u00edvir\u00e1g \u00f3voda P: 10.00-11.00<br \/>\nPark \u00d3voda: K: 17.00-18.00 Cs: 17.00-18.00<br \/>\nLiget \u00d3voda: K: 16.00-17.00<br \/>\nUTE Dojo: Szent L\u00e1szl\u00f3 t\u00e9r 1<br \/>\nTrad\u00edcion\u00e1lis karate K. Cs: 19.00-20.30 (7-99 \u00e9veseknek)<\/span><\/p>\n<p><span class=\"text_exposed_show\">XI. KER\u00dcLET:<\/span><span class=\"text_exposed_show\">BME Sportk\u00f6zpont Bertalan Lajos utca 2.<br \/>\nTradicion\u00e1lis karate: K. Cs: 19.30-21.00 (7-99 \u00e9veseknek)<\/span><\/p>\n<p><span class=\"text_exposed_show\">XIV. KER\u00dcLET:<br \/>\nM\u00f3ra Ferenc \u00c1lt. Isk: H. Sz: 16.00-17.00.<br \/>\nN\u00e9meth Imre \u00c1lt. Isk: H. Sz: 16.00-17.00.<br \/>\nKafka Margit \u00c1lt. Isk: K. Cs: 16.30-17.30.<br \/>\n\u00c1lmos Vez\u00e9r \u00c1lt. Isk: K. Cs: 16.30-17.30.<\/span><\/p>\n<p><span class=\"text_exposed_show\">XV. KER\u00dcLET:<br \/>\nPest\u00fajhelyi \u00c1lt.Isk: H, SZ 16.00-17.00.<br \/>\nKaisei Dojo: Th\u00f6k\u00f6li \u00fat 77: H, SZ: 16:00-17:00, 18:30-20:00<br \/>\nK, CS: 16:00-17:00<\/span><\/p>\n<p><span class=\"text_exposed_show\">XVI. KER\u00dcLET:<br \/>\nN\u00e9ri Szent F\u00fcl\u00f6p \u00c1lt. Isk: K. Cs: 17:00-18.00.<\/span><\/p>\n<p><strong>8. Turul HSE , Tatab\u00e1nya<br \/>\n<\/strong>Edz\u0151 : Wolf L\u00e1szl\u00f3<strong><br \/>\n<\/strong>Kossuth Lajos K\u00f6zgazdas\u00e1gi \u00e9s Hum\u00e1n Szakgimn\u00e1zium<strong>,<br \/>\n<\/strong>H-Sz 18:00-20:00ig, P 19:00-20:00ig<strong><br \/>\n<\/strong><\/p>\n<p><strong>9.\u00a0Sz\u00e1rliget SE, \u00a0Sz\u00e1rliget<br \/>\n<\/strong>Edz\u0151: Becker Csaba 3. dan<br \/>\nTima Endre \u00c1lt. Iskola,<br \/>\nKedd: 18:30-19:30, P\u00e9ntek: 18:30-19:30<\/p>\n<p><strong>10. MAFC: BME, Budapesti M\u0171szaki Egyetem Karate Klub<\/strong><\/p>\n<p>Edz\u0151: Vass Zolt\u00e1n 3.dan, Vitk\u00f3 L\u00e1szl\u00f3 3.dan<\/p>\n<p>Kedd: 19.30-21.00 Cs\u00fct\u00f6rt\u00f6k 19.30-21.00<\/p>\n<p><strong>11. K\u00f6lcsey Shotokan Karate SE<\/strong><\/p>\n<p>Edz\u0151: Dr. Tahon R\u00f3bert 4.dan<\/p>\n<p>H\u00e9tf\u0151: 17.00-18.00 Szerda 17.00-18.00<\/p>\n<p>Budapest, XVI. H\u0151s\u00f6k tere 1-3<\/p>\n","protected":false},"excerpt":{"rendered":"<p>A JKS Magyarorsz\u00e1g Sz\u00f6vets\u00e9ghez tartoz\u00f3 Egyes\u00fcletek \u00e9s edz\u00e9slehet\u0151s\u00e9geik, el\u00e9rhet\u0151s\u00e9g\u00fck&#8230; Tradicion\u00e1lis Karate Shotokan Egyes\u00fclet Edz\u0151: Herczeg Bal\u00e1zs +36\/20\/2032913 herczeg@jks.hu www.shotokarate.hu JKS Hombu &#8222;Dojo&#8221; &#8211; feln\u0151tt edz\u00e9s \u00a0&#8211; halad\u00f3, \u00fajrakezd\u0151 Budapest, B\u00edbor Dojo, XIV, B\u00edbor u. 1. Kedd 18.00-19.30 V\u00e1ci Doj\u00f3 &#8211; A V\u00e1ci utcai \u00c9nek-Zene \u00e1ltal\u00e1nos iskola tanul\u00f3inak &#8211; vegyes Budapest, V. V\u00e1ci utca 43. H\u00e9tf\u0151 &hellip; <a href=\"https:\/\/www.jks.hu\/?page_id=60\" class=\"more-link\"><span class=\"screen-reader-text\">Edz\u00e9sek<\/span> b\u0151vebben&#8230; <span class=\"meta-nav\">&rarr;<\/span><\/a><\/p>\n","protected":false},"author":1,"featured_media":0,"parent":0,"menu_order":0,"comment_status":"closed","ping_status":"closed","template":"","meta":{"footnotes":""},"class_list":["post-60","page","type-page","status-publish","hentry"],"_links":{"self":[{"href":"https:\/\/www.jks.hu\/index.php?rest_route=\/wp\/v2\/pages\/60","targetHints":{"allow":["GET"]}}],"collection":[{"href":"https:\/\/www.jks.hu\/index.php?rest_route=\/wp\/v2\/pages"}],"about":[{"href":"https:\/\/www.jks.hu\/index.php?rest_route=\/wp\/v2\/types\/page"}],"author":[{"embeddable":true,"href":"https:\/\/www.jks.hu\/index.php?rest_route=\/wp\/v2\/users\/1"}],"replies":[{"embeddable":true,"href":"https:\/\/www.jks.hu\/index.php?rest_route=%2Fwp%2Fv2%2Fcomments&post=60"}],"version-history":[{"count":29,"href":"https:\/\/www.jks.hu\/index.php?rest_route=\/wp\/v2\/pages\/60\/revisions"}],"predecessor-version":[{"id":695,"href":"https:\/\/www.jks.hu\/index.php?rest_route=\/wp\/v2\/pages\/60\/revisions\/695"}],"wp:attachment":[{"href":"https:\/\/www.jks.hu\/index.php?rest_route=%2Fwp%2Fv2%2Fmedia&parent=60"}],"curies":[{"name":"wp","href":"https:\/\/api.w.org\/{rel}","templated":true}]}}